{"id":2073,"date":"2025-04-24T10:04:38","date_gmt":"2025-04-24T10:04:38","guid":{"rendered":"https:\/\/staging.wakustone.de\/?page_id=2073"},"modified":"2025-04-27T23:15:31","modified_gmt":"2025-04-27T23:15:31","slug":"waschtisch","status":"publish","type":"page","link":"https:\/\/wakustone.de\/index.php\/produkte\/waschtisch\/","title":{"rendered":"WASCHTISCH"},"content":{"rendered":"<div class=\"wpb-content-wrapper\"><p>[vc_section][vc_row][vc_column][ut_title_divider_2 align=&#8220;center&#8220; font_size=&#8220;35&#8243;]Unser Bestseller[\/ut_title_divider_2][\/vc_column][\/vc_row][vc_row][vc_column][vc_row_inner][vc_column_inner width=&#8220;2\/3&#8243;][vc_column_text]<\/p>\n<h3 class=\"tbk__title \">Modell A Einzelwaschtisch (Ma\u00dfe: 800\/900\/1000\/1180 * 560* 120 mm)<\/h3>\n<p><span style=\"color: #b1c29b;\">Dieser befliesbare Einzelwaschtisch von WakuStone, bietet Ihnen die M\u00f6glichkeit Ihren Waschplatz ohne ein konventionelles Waschbecken, durch die Kombination von Fliesen, Putz, Naturstein oder Mosaik, individuell zu gestalten. Der Waschtisch besteht aus WakuStone und damit entf\u00e4llt aufw\u00e4ndiges abdichten, da der WakuStone absolut wasserdicht ist. Im Bereich des Armaturenloches ist ober- und unterseitig eine wasserfeste Verst\u00e4rkungsplatte verklebt, die eine problemlose Montage jeder Waschtischarmatur m\u00f6glich macht. Bei Bedarf k\u00f6nnen Sie selbst weitere L\u00f6cher problemlos selbst herstellen. Der Waschtisch ist auf jeder Seite um jeweils 5 cm k\u00fcrzbar.<\/span>[\/vc_column_text][\/vc_column_inner][vc_column_inner width=&#8220;1\/3&#8243;]<div  class=\"wpb_content_element   clearfix\"><style type=\"text\/css\">#ut_am_69f212ba5f03a { opacity: 1; }#ut_am_wrap_69f212ba5f03b .ut-image-gallery-item-caption-title h3 { letter-spacing: -0.01em; }#ut_am_wrap_69f212ba5f03b .ut-gallery-slider-caption { font-weight: bold; }#ut_am_wrap_69f212ba5f03b { text-align: center; }@media (min-width: 768px) and (max-width: 1024px) { #ut_am_wrap_69f212ba5f03b { text-align: center !important; } }@media (max-width: 767px) { #ut_am_wrap_69f212ba5f03b { text-align: center !important; } }<\/style><div id=\"ut_am_wrap_69f212ba5f03b\" class=\"ut-image-gallery-image \"><div id=\"ut_reveal_69f212ba5f03c\"  data-appear-top-offset=\"auto\" class=\"ut-animated-image-item ut-image-gallery-item ut-animation-done \"><a class=\"ut-deactivated-link\" href=\"#\"><div class=\"ut-animated-image-zoom\"><img decoding=\"async\" class=\"ut-lazy skip-lazy ut-animated-image \"  id=\"ut_am_69f212ba5f03a\" src=\"data:image\/svg+xml;charset=utf-8,%3Csvg xmlns%3D'http%3A%2F%2Fwww.w3.org%2F2000%2Fsvg' viewBox%3D'0 0 800 200'%2F%3E\" data-src=\"https:\/\/wakustone.de\/wp-content\/uploads\/2025\/04\/waschtisch-einzel-1.png\" width=\"\" height=\"200\" alt=\"\"\/><\/div><\/a><\/div><\/div><\/div>[\/vc_column_inner][\/vc_row_inner][vc_column_text]<span style=\"padding: 0 8px 0 0; font-size: 1.2em; font-weight: bolder; color: #b1c29b;\">\u2666<\/span> Tiefes Waschbecken mit schr\u00e4gem Boden<span style=\"padding: 0 8px 0 10px; font-size: 1.2em; font-weight: bolder; color: #b1c29b;\">\u2666<\/span>An den Seiten nachtr\u00e4glich k\u00fcrzbar<span style=\"padding: 0 8px 0 10px; font-size: 1.2em; font-weight: bolder; color: #b1c29b;\">\u2666<\/span>Als Standardformat oder Ma\u00dfanfertigung z.B. 145*55cm, 280*58cm oder 390*60cm<span style=\"padding: 0 8px 0 10px; font-size: 1.2em; font-weight: bolder; color: #b1c29b;\">\u2666<\/span>Optional: Unterseite LED-Beleuchtung, Steckdosen, integrierter Abfalleimer[\/vc_column_text][\/vc_column][\/vc_row][vc_row][vc_column][vc_separator][\/vc_column][\/vc_row][vc_row][vc_column][vc_row_inner][vc_column_inner width=&#8220;1\/2&#8243;][vc_column_text]<\/p>\n<h3 class=\"tbk__title \">Modell AB Doppelwaschtisch (Ma\u00dfe: 1600\/1800\/2000\/2360 * 560 * 120 mm)<\/h3>\n<p><span style=\"color: #b1c29b;\">Das Modell AB Doppelwaschtisch ist die weiterentwickelte Version des Modells A Einzelwaschtisch. Neben den bew\u00e4hrten Eigenschaften des Einzelwaschtischs \u00fcberzeugt der Doppelwaschtisch durch ein noch ausgefeilteres Design. Dieses Modell ist ideal f\u00fcr Familien oder Paare und passt perfekt in moderne Badezimmerkonzepte.<\/span>[\/vc_column_text][\/vc_column_inner][vc_column_inner width=&#8220;1\/2&#8243;]<div  class=\"wpb_content_element   clearfix\"><style type=\"text\/css\">#ut_am_69f212ba5f435 { opacity: 1; }#ut_am_wrap_69f212ba5f436 .ut-image-gallery-item-caption-title h3 { letter-spacing: -0.01em; }#ut_am_wrap_69f212ba5f436 .ut-gallery-slider-caption { font-weight: bold; }#ut_am_wrap_69f212ba5f436 { text-align: center; }@media (min-width: 768px) and (max-width: 1024px) { #ut_am_wrap_69f212ba5f436 { text-align: center !important; } }@media (max-width: 767px) { #ut_am_wrap_69f212ba5f436 { text-align: center !important; } }<\/style><div id=\"ut_am_wrap_69f212ba5f436\" class=\"ut-image-gallery-image \"><div id=\"ut_reveal_69f212ba5f437\"  data-appear-top-offset=\"auto\" class=\"ut-animated-image-item ut-image-gallery-item ut-animation-done \"><a class=\"ut-deactivated-link\" href=\"#\"><div class=\"ut-animated-image-zoom\"><img decoding=\"async\" class=\"ut-lazy skip-lazy ut-animated-image \"  id=\"ut_am_69f212ba5f435\" src=\"data:image\/svg+xml;charset=utf-8,%3Csvg xmlns%3D'http%3A%2F%2Fwww.w3.org%2F2000%2Fsvg' viewBox%3D'0 0 800 200'%2F%3E\" data-src=\"https:\/\/wakustone.de\/wp-content\/uploads\/2025\/04\/waschtisch-doppel-1.png\" width=\"\" height=\"200\" alt=\"\"\/><\/div><\/a><\/div><\/div><\/div>[\/vc_column_inner][\/vc_row_inner][vc_column_text]<span style=\"padding: 0 8px 0 0; font-size: 1.2em; font-weight: bolder; color: #b1c29b;\">\u2666<\/span> Innovative Verbindung: Die beiden Becken sind \u00fcber eine pr\u00e4zise Passnut nahtlos miteinander verbunden, was f\u00fcr eine elegante Optik sorgt.<br \/>\n<span style=\"padding: 0 8px 0 0; font-size: 1.2em; font-weight: bolder; color: #b1c29b;\">\u2666<\/span> Benutzerfreundliche Montage: Dank des durchdachten Designs ist die Installation ebenso einfach und schnell wie beim Einzelwaschtisch.[\/vc_column_text][\/vc_column][\/vc_row][vc_row][vc_column][vc_separator][\/vc_column][\/vc_row][vc_row][vc_column width=&#8220;1\/2&#8243;][vc_row_inner][vc_column_inner width=&#8220;1\/2&#8243;]<div  class=\"wpb_content_element   clearfix\"><style type=\"text\/css\">#ut_am_69f212ba5f644 { opacity: 1; }#ut_am_wrap_69f212ba5f645 .ut-image-gallery-item-caption-title h3 { letter-spacing: -0.01em; }#ut_am_wrap_69f212ba5f645 .ut-gallery-slider-caption { font-weight: bold; }#ut_am_wrap_69f212ba5f645 { text-align: center; }@media (min-width: 768px) and (max-width: 1024px) { #ut_am_wrap_69f212ba5f645 { text-align: center !important; } }@media (max-width: 767px) { #ut_am_wrap_69f212ba5f645 { text-align: center !important; } }<\/style><div id=\"ut_am_wrap_69f212ba5f645\" class=\"ut-image-gallery-image \"><div id=\"ut_reveal_69f212ba5f646\"  data-appear-top-offset=\"auto\" class=\"ut-animated-image-item ut-image-gallery-item ut-animation-done \"><a class=\"ut-deactivated-link\" href=\"#\"><div class=\"ut-animated-image-zoom\"><img loading=\"lazy\" decoding=\"async\" class=\"ut-lazy skip-lazy ut-animated-image \"  id=\"ut_am_69f212ba5f644\" src=\"data:image\/svg+xml;charset=utf-8,%3Csvg xmlns%3D'http%3A%2F%2Fwww.w3.org%2F2000%2Fsvg' viewBox%3D'0 0 1500 1500'%2F%3E\" data-src=\"https:\/\/wakustone.de\/wp-content\/uploads\/2025\/04\/montage-1.jpg\" width=\"1500\" height=\"1500\" alt=\"\"\/><\/div><\/a><\/div><\/div><\/div>[\/vc_column_inner][vc_column_inner width=&#8220;1\/2&#8243;]<div  class=\"wpb_content_element   clearfix\"><style type=\"text\/css\">#ut_am_69f212ba5f83f { opacity: 1; }#ut_am_wrap_69f212ba5f840 .ut-image-gallery-item-caption-title h3 { letter-spacing: -0.01em; }#ut_am_wrap_69f212ba5f840 .ut-gallery-slider-caption { font-weight: bold; }#ut_am_wrap_69f212ba5f840 { text-align: center; }@media (min-width: 768px) and (max-width: 1024px) { #ut_am_wrap_69f212ba5f840 { text-align: center !important; } }@media (max-width: 767px) { #ut_am_wrap_69f212ba5f840 { text-align: center !important; } }<\/style><div id=\"ut_am_wrap_69f212ba5f840\" class=\"ut-image-gallery-image \"><div id=\"ut_reveal_69f212ba5f841\"  data-appear-top-offset=\"auto\" class=\"ut-animated-image-item ut-image-gallery-item ut-animation-done \"><a class=\"ut-deactivated-link\" href=\"#\"><div class=\"ut-animated-image-zoom\"><img loading=\"lazy\" decoding=\"async\" class=\"ut-lazy skip-lazy ut-animated-image \"  id=\"ut_am_69f212ba5f83f\" src=\"data:image\/svg+xml;charset=utf-8,%3Csvg xmlns%3D'http%3A%2F%2Fwww.w3.org%2F2000%2Fsvg' viewBox%3D'0 0 1500 1500'%2F%3E\" data-src=\"https:\/\/wakustone.de\/wp-content\/uploads\/2025\/04\/montage-2.jpg\" width=\"1500\" height=\"1500\" alt=\"\"\/><\/div><\/a><\/div><\/div><\/div>[\/vc_column_inner][\/vc_row_inner][\/vc_column][vc_column width=&#8220;1\/2&#8243;]<div  class=\"wpb_content_element   clearfix\"><style type=\"text\/css\">#ut_am_69f212ba5fa16 { opacity: 1; }#ut_am_wrap_69f212ba5fa17 .ut-image-gallery-item-caption-title h3 { letter-spacing: -0.01em; }#ut_am_wrap_69f212ba5fa17 .ut-gallery-slider-caption { font-weight: bold; }#ut_am_wrap_69f212ba5fa17 { text-align: center; }@media (min-width: 768px) and (max-width: 1024px) { #ut_am_wrap_69f212ba5fa17 { text-align: center !important; } }@media (max-width: 767px) { #ut_am_wrap_69f212ba5fa17 { text-align: center !important; } }<\/style><div id=\"ut_am_wrap_69f212ba5fa17\" class=\"ut-image-gallery-image \"><div id=\"ut_reveal_69f212ba5fa18\"  data-appear-top-offset=\"auto\" class=\"ut-animated-image-item ut-image-gallery-item ut-animation-done \"><a class=\"ut-deactivated-link\" href=\"#\"><div class=\"ut-animated-image-zoom\"><img loading=\"lazy\" decoding=\"async\" class=\"ut-lazy skip-lazy ut-animated-image \"  id=\"ut_am_69f212ba5fa16\" src=\"data:image\/svg+xml;charset=utf-8,%3Csvg xmlns%3D'http%3A%2F%2Fwww.w3.org%2F2000%2Fsvg' viewBox%3D'0 0 1500 716'%2F%3E\" data-src=\"https:\/\/wakustone.de\/wp-content\/uploads\/2025\/04\/montage-3.jpg\" width=\"1500\" height=\"716\" alt=\"\"\/><\/div><\/a><\/div><\/div><\/div>[\/vc_column][\/vc_row][vc_row][vc_column]<div class=\"wpb_content_element \"><style type=\"text\/css\">#ut_vs_69f212ba5fab5.ut-shortcode-video-wrap .ut-video-module-caption-text span { font-weight: bold; }#ut_vs_69f212ba5fab5.ut-shortcode-video-wrap .ut-video-module-play-icon { margin-right: 20px; }@keyframes ut-video-play-border-animation-69f212ba5fab7 {0% {-webkit-transform: scale(1);-moz-transofrom: scale(1);transform: scale(1);}50% {opacity: 0.7;}75% {opacity: 0.1;}100% {opacity: 0;-webkit-transform: scale(2.5);-moz-transofrom: scale(2.5);transform: scale(2.5);}}#ut_vs_69f212ba5fab5 .ut-video-play-animation-1 { border: 1px solid #C8EB9B }#ut_vs_69f212ba5fab5 .ut-video-play-animation-2 { border: 1px solid #C8EB9B }#ut_vs_69f212ba5fab5 .ut-video-play-animation-3 { border: 1px solid #C8EB9B }#ut_vs_69f212ba5fab5 .ut-video-play-animation-4 { border: 1px solid #C8EB9B }#ut_vs_69f212ba5fab5 .ut-video-play-animation-1.ut-video-play-animation-on {-webkit-animation: 3s ease-in-out 0.75s infinite normal none running ut-video-play-border-animation-69f212ba5fab7;-moz-animation: 3s ease-in-out 0.75s infinite normal none running ut-video-play-border-animation-69f212ba5fab7;animation: 3s ease-in-out 0.75s infinite normal none running ut-video-play-border-animation-69f212ba5fab7; }#ut_vs_69f212ba5fab5 .ut-video-play-animation-2.ut-video-play-animation-on {-webkit-animation: 3s ease-in-out 1.5s infinite normal none running ut-video-play-border-animation-69f212ba5fab7;-moz-animation: 3s ease-in-out 1.5s infinite normal none running ut-video-play-border-animation-69f212ba5fab7;animation: 3s ease-in-out 1.5s infinite normal none running ut-video-play-border-animation-69f212ba5fab7; }#ut_vs_69f212ba5fab5 .ut-video-play-animation-3.ut-video-play-animation-on {-webkit-animation: 3s ease-in-out 2.25s infinite normal none running ut-video-play-border-animation-69f212ba5fab7;-moz-animation: 3s ease-in-out 2.25s infinite normal none running ut-video-play-border-animation-69f212ba5fab7;animation: 3s ease-in-out 2.25s infinite normal none running ut-video-play-border-animation-69f212ba5fab7; }<\/style><div id=\"ut_vs_69f212ba5fab5\" class=\"ut-shortcode-video-wrap  ut-shortcode-video-wrap-center ut-shortcode-video-wrap-tablet-center ut-shortcode-video-wrap-mobile-center clearfix\" ><div id=\"ut_reveal_69f212ba5fab6\"  class=\"ut-video-module \"><div class=\"ut-video-module-caption \"><a class=\"ut-load-video \" data-source=\"youtube\" data-autoplay=\"0\" data-nonce=\"9cfc47dfb4\" data-location=\"lightbox\"   data-src=\"https:\/\/youtu.be\/2BTKiWrQaFY\" data-html=\"#ut_vid_69f212ba5fb61\"><img loading=\"lazy\" decoding=\"async\" class=\"ut-lozad\" src=\"data:image\/svg+xml;charset=utf-8,%3Csvg xmlns%3D'http%3A%2F%2Fwww.w3.org%2F2000%2Fsvg' viewBox%3D'0 0 1280 720'%2F%3E\" data-src=\"\/\/i.ytimg.com\/vi\/2BTKiWrQaFY\/maxresdefault.jpg\" width=\"1280\" height=\"720\"><div class=\"ut-video-module-caption-text\"><div class=\"ut-video-module-inner-caption-text  ut-video-module-caption-position-default\"><div class=\"ut-video-module-play-icon \"><div class=\"ut-video-play-animation-1 ut-video-play-animation-on\"><\/div><div class=\"ut-video-play-animation-2 ut-video-play-animation-on\"><\/div><div class=\"ut-video-play-animation-3 ut-video-play-animation-on\"><\/div><i class=\"Bklyn-Core-Right-6\" aria-hidden=\"true\"><\/i><\/div><span>Befliesbarer und k\u00fcrzbarer Einzel- und Doppelwaschtisch aus WakuStone<\/span><\/div><\/div><\/a><\/div><div class=\"ut-video-module-loading\"><div class=\"ut-image-gallery-loader\"><div class=\"ut-image-gallery-loader-inner\"><\/div><\/div><\/div><\/div><\/div><\/div>[\/vc_column][\/vc_row][vc_row][vc_column width=&#8220;1\/3&#8243;]<div  class=\"wpb_content_element   clearfix\"><style type=\"text\/css\">#ut_am_69f212ba5fd86 { opacity: 1; }#ut_am_wrap_69f212ba5fd87 .ut-image-gallery-item-caption-title h3 { letter-spacing: -0.01em; }#ut_am_wrap_69f212ba5fd87 .ut-gallery-slider-caption { font-weight: bold; }#ut_am_wrap_69f212ba5fd87 { text-align: center; }@media (min-width: 768px) and (max-width: 1024px) { #ut_am_wrap_69f212ba5fd87 { text-align: center !important; } }@media (max-width: 767px) { #ut_am_wrap_69f212ba5fd87 { text-align: center !important; } }<\/style><div id=\"ut_am_wrap_69f212ba5fd87\" class=\"ut-image-gallery-image \"><div id=\"ut_reveal_69f212ba5fd88\"  data-appear-top-offset=\"auto\" class=\"ut-animated-image-item ut-image-gallery-item ut-animation-done \"><a class=\"ut-deactivated-link\" href=\"#\"><div class=\"ut-animated-image-zoom\"><img loading=\"lazy\" decoding=\"async\" class=\"ut-lazy skip-lazy ut-animated-image \"  id=\"ut_am_69f212ba5fd86\" src=\"data:image\/svg+xml;charset=utf-8,%3Csvg xmlns%3D'http%3A%2F%2Fwww.w3.org%2F2000%2Fsvg' viewBox%3D'0 0 1500 824'%2F%3E\" data-src=\"https:\/\/wakustone.de\/wp-content\/uploads\/2025\/04\/waschtisch-fliesen-no-bw.jpg\" width=\"1500\" height=\"824\" alt=\"\"\/><\/div><\/a><\/div><\/div><\/div>[vc_column_text]<\/p>\n<h4 style=\"text-align: center;\">Vor Befliesung<\/h4>\n<p>[\/vc_column_text][\/vc_column][vc_column width=&#8220;1\/3&#8243;]<div  class=\"wpb_content_element   clearfix\"><style type=\"text\/css\">#ut_am_69f212ba5ff58 { opacity: 1; }#ut_am_wrap_69f212ba5ff59 .ut-image-gallery-item-caption-title h3 { letter-spacing: -0.01em; }#ut_am_wrap_69f212ba5ff59 .ut-gallery-slider-caption { font-weight: bold; }#ut_am_wrap_69f212ba5ff59 { text-align: center; }@media (min-width: 768px) and (max-width: 1024px) { #ut_am_wrap_69f212ba5ff59 { text-align: center !important; } }@media (max-width: 767px) { #ut_am_wrap_69f212ba5ff59 { text-align: center !important; } }<\/style><div id=\"ut_am_wrap_69f212ba5ff59\" class=\"ut-image-gallery-image \"><div id=\"ut_reveal_69f212ba5ff5a\"  data-appear-top-offset=\"auto\" class=\"ut-animated-image-item ut-image-gallery-item ut-animation-done \"><a class=\"ut-deactivated-link\" href=\"#\"><div class=\"ut-animated-image-zoom\"><img loading=\"lazy\" decoding=\"async\" class=\"ut-lazy skip-lazy ut-animated-image \"  id=\"ut_am_69f212ba5ff58\" src=\"data:image\/svg+xml;charset=utf-8,%3Csvg xmlns%3D'http%3A%2F%2Fwww.w3.org%2F2000%2Fsvg' viewBox%3D'0 0 1500 824'%2F%3E\" data-src=\"https:\/\/wakustone.de\/wp-content\/uploads\/2025\/04\/waschtisch-fliesen-yes-bw.jpg\" width=\"1500\" height=\"824\" alt=\"\"\/><\/div><\/a><\/div><\/div><\/div>[vc_column_text]<\/p>\n<h4 style=\"text-align: center;\">Nach Befliesung<\/h4>\n<p>[\/vc_column_text][\/vc_column][vc_column width=&#8220;1\/3&#8243;]<div  class=\"wpb_content_element   clearfix\"><style type=\"text\/css\">#ut_am_69f212ba60137 { opacity: 1; }#ut_am_wrap_69f212ba60138 .ut-image-gallery-item-caption-title h3 { letter-spacing: -0.01em; }#ut_am_wrap_69f212ba60138 .ut-gallery-slider-caption { font-weight: bold; }#ut_am_wrap_69f212ba60138 { text-align: center; }@media (min-width: 768px) and (max-width: 1024px) { #ut_am_wrap_69f212ba60138 { text-align: center !important; } }@media (max-width: 767px) { #ut_am_wrap_69f212ba60138 { text-align: center !important; } }<\/style><div id=\"ut_am_wrap_69f212ba60138\" class=\"ut-image-gallery-image \"><div id=\"ut_reveal_69f212ba60139\"  data-appear-top-offset=\"auto\" class=\"ut-animated-image-item ut-image-gallery-item ut-animation-done \"><a class=\"ut-deactivated-link\" href=\"#\"><div class=\"ut-animated-image-zoom\"><img loading=\"lazy\" decoding=\"async\" class=\"ut-lazy skip-lazy ut-animated-image \"  id=\"ut_am_69f212ba60137\" src=\"data:image\/svg+xml;charset=utf-8,%3Csvg xmlns%3D'http%3A%2F%2Fwww.w3.org%2F2000%2Fsvg' viewBox%3D'0 0 1500 824'%2F%3E\" data-src=\"https:\/\/wakustone.de\/wp-content\/uploads\/2025\/04\/waschtisch-fliesen-yes-bw-2.jpg\" width=\"1500\" height=\"824\" alt=\"\"\/><\/div><\/a><\/div><\/div><\/div>[vc_column_text]<\/p>\n<h4 style=\"text-align: center;\">Nach Befliesung, R\u00fcckseite<\/h4>\n<p>[\/vc_column_text][\/vc_column][\/vc_row][\/vc_section]<\/p>\n<\/div>","protected":false},"excerpt":{"rendered":"<p>[vc_section][vc_row][vc_column][ut_title_divider_2 align=&#8220;center&#8220; font_size=&#8220;35&#8243;]Unser Bestseller[\/ut_title_divider_2][\/vc_column][\/vc_row][vc_row][vc_column][vc_row_inner][vc_column_inner width=&#8220;2\/3&#8243;][vc_column_text] Modell A Einzelwaschtisch (Ma\u00dfe: 800\/900\/1000\/1180 * 560* 120 mm) Dieser befliesbare Einzelwaschtisch von WakuStone, bietet Ihnen die M\u00f6glichkeit Ihren Waschplatz ohne ein konventionelles Waschbecken, durch die Kombination von Fliesen, Putz, Naturstein oder Mosaik, individuell zu gestalten. Der Waschtisch besteht aus WakuStone und damit entf\u00e4llt aufw\u00e4ndiges abdichten, da der WakuStone absolut [&hellip;]<\/p>\n","protected":false},"author":1,"featured_media":0,"parent":2060,"menu_order":1,"comment_status":"closed","ping_status":"closed","template":"","meta":{"footnotes":""},"class_list":["post-2073","page","type-page","status-publish","hentry"],"_links":{"self":[{"href":"https:\/\/wakustone.de\/index.php\/wp-json\/wp\/v2\/pages\/2073","targetHints":{"allow":["GET"]}}],"collection":[{"href":"https:\/\/wakustone.de\/index.php\/wp-json\/wp\/v2\/pages"}],"about":[{"href":"https:\/\/wakustone.de\/index.php\/wp-json\/wp\/v2\/types\/page"}],"author":[{"embeddable":true,"href":"https:\/\/wakustone.de\/index.php\/wp-json\/wp\/v2\/users\/1"}],"replies":[{"embeddable":true,"href":"https:\/\/wakustone.de\/index.php\/wp-json\/wp\/v2\/comments?post=2073"}],"version-history":[{"count":35,"href":"https:\/\/wakustone.de\/index.php\/wp-json\/wp\/v2\/pages\/2073\/revisions"}],"predecessor-version":[{"id":2637,"href":"https:\/\/wakustone.de\/index.php\/wp-json\/wp\/v2\/pages\/2073\/revisions\/2637"}],"up":[{"embeddable":true,"href":"https:\/\/wakustone.de\/index.php\/wp-json\/wp\/v2\/pages\/2060"}],"wp:attachment":[{"href":"https:\/\/wakustone.de\/index.php\/wp-json\/wp\/v2\/media?parent=2073"}],"curies":[{"name":"wp","href":"https:\/\/api.w.org\/{rel}","templated":true}]}}